. List the prime factors of s.
2
Suppose -11 = 5*z - 31. Suppose z*j + 0*j = 76. List the prime factors of j.
19
Let o(y) = -3 + 4*y - 4*y - 2*y - 4. Let u(m) = -7*m**2 + m. Let f be u(1). What are the prime factors of o(f)?
5
Let w(o) = -2*o**3 - o**2 + 246. What are the prime factors of w(0)?
2, 3, 41
Suppose -3*m = -2*c + 88, -m + 132 = 4*c + 4*m. Let i = c - 26. List the prime factors of i.
2, 3
Let j = -1 - -48. Let k = j - 22. Suppose -3*d - 4 = -k. What are the prime factors of d?
7
Let m be (0/4)/(0 - 1). Suppose m = 2*w + 4*i - 16, 0 = -3*w + i + 2*i + 6. Suppose -3*k - s = 3*s - 18, 4*k = -w*s + 20. What are the prime factors of k?
2
Let x(c) = -4*c - 2. Let o(q) = -9*q - 4. Let h(s) = -3*o(s) + 7*x(s). What are the prime factors of h(-6)?
2
Let g be (-12)/(-9)*3/2. Suppose g*w - 14 = 58. Suppose w = 3*k + k. List the prime factors of k.
3
Suppose 5*j + l = 199, 0*l - 3*l = 5*j - 197. What are the prime factors of j?
2, 5
Let a(w) = w**3 - 3*w**2 - w - 4. Let m(j) = -j**2 - 6*j - 4. Let x be m(-4). List the prime factors of a(x).
2
Let v be (255/(-25))/(3/(-15)). Let n(w) = -w**2 + w - 2. Let b be n(6). Let z = v + b. What are the prime factors of z?
19
Let t(i) = -i**2 + 2*i - 1. Let f be t(1). Suppose 2*s - v - 11 = -f*v, 3*s + 3 = -5*v. Let a = 7 + s. List the prime factors of a.
11
Suppose 0 = -4*c + 4*n + 644, 3*c - n - 609 = -130. Suppose -4*p - 27 = -c. What are the prime factors of p?
3, 11
Let o(s) = -2*s - 4. Let b be o(-5). Let w = b + 12. What are the prime factors of w?
2, 3
Let g(r) = r**2 + 10*r + 3. Let h be g(-10). Suppose 15 = f + c, h*f - 5*c = -0*c + 29. What are the prime factors of f?
13
Let r be 6/(-4)*-6*1. Let v = 10 - r. What are the prime factors of 4/v - 0/2?
2
Suppose -3*f + f = -42. Suppose 6 - f = -q. List the prime factors of q.
3, 5
Suppose -b = -0*b - 116. List the prime factors of b.
2, 29
What are the prime factors of -2 - -223 - 4 - (-3 - 0)?
2, 5, 11
What are the prime factors of -16*(3 - (-27)/(-6))?
2, 3
Let t(x) = x**3 - 16*x**2 + 1. Let o be t(16). Let u(q) = -13*q**2 - 2*q + 5. Let d(g) = -1. Let y(z) = -4*d(z) - u(z). List the prime factors of y(o).
2, 7
Let r = -10 - -14. Suppose 0*n + r*n = 76. What are the prime factors of n?
19
Let u(g) = -2*g**3 - 5*g**3 - 3*g + 2 + 7*g**2 + 6*g**3. List the prime factors of u(5).
37
Let m be ((-1)/(-2))/((-5)/(-30)). Let v = m + 0. Suppose v*s - 3*k = 2*s + 8, -4*k + 63 = 3*s. What are the prime factors of s?
17
Let m = 5 + -8. Let x be (1 - (m + 6)) + -18. Let o = -14 - x. What are the prime factors of o?
2, 3
Let l = -16 - -17. What are the prime factors of (2/6)/(l/27)?
3
Let n = 5 - -2. Let r = -3 + n. Let z = r + 3. What are the prime factors of z?
7
Let r be (-5)/((-15)/(-9)) - -5. Suppose r*z = -30 - 22. Let l = z + 41. What are the prime factors of l?
3, 5
Suppose -j - 6 = 2. Let n = 27 - 38. Let l = j - n. List the prime factors of l.
3
Suppose 4*q + 5*o - 139 = q, -5*q = -2*o - 180. List the prime factors of q.
2, 19
Let h(l) be the first derivative of l**4/4 + 2*l**3 - 4*l**2 + 8*l - 13. Let t be ((-7)/(-4))/((-3)/12). List the prime factors of h(t).
3, 5
Suppose -b = -3*b - 14. Let a = b - -38. List the prime factors of a.
31
Let y = -15 - -23. Let g = 4 - y. Let j = 1 - g. List the prime factors of j.
5
Let p be (6 - 0)*-4 - -2. Let m = -10 - p. List the prime factors of m.
2, 3
Let q(c) = c**3 + 5*c**2 + 3*c. Let f be q(-4). Suppose f*g - 8*g + 56 = 0. List the prime factors of g.
2, 7
Suppose o = -0*o + 2. Suppose o*x = 5*b + 37, x + 29 = 2*x + b. What are the prime factors of x?
2, 13
Let u(r) = r**2 + 9*r - 1. Let n be u(-9). Let j be (-3 - -8) + -1 - n. Suppose -o + j + 1 = 0. What are the prime factors of o?
2, 3
Let a(n) = n**3 - n**2 + 21. What are the prime factors of a(0)?
3, 7
Let g = 29 + -8. Let n = g - 0. List the prime factors of n.
3, 7
Let h(k) = 17*k**2 - 2*k + 1. What are the prime factors of h(1)?
2
Let p = -49 - -143. List the prime factors of p.
2, 47
Suppose 18 = -5*a - 5*s - 7, -3*a - 2*s - 12 = 0. List the prime factors of a/(-8) + (-354)/(-24).
3, 5
Let x(k) = 2*k**2 + k + 12. What are the prime factors of x(5)?
67
Let c = 2 - 0. Suppose 0 = c*i + i + 3. List the prime factors of (-4*2*i)/1.
2
Let j = -4 + 4. Suppose -d = -j*d - 3. What are the prime factors of (1 + d)/((-4)/(-6))?
2, 3
Suppose 2*b = 5*i - 0*i + 12, 4*b = 5*i + 24. Let n(z) = z**3 - 6*z**2 - 2*z + 7. Let j be n(b). Let w(d) = -2*d. List the prime factors of w(j).
2, 5
Suppose 3 = -p + 19. List the prime factors of p + (3 - 3 - 2).
2, 7
Let c(o) = o**2 - 7*o + 6. Let i(u) = -u**2 + 9*u. Let l be i(8). List the prime factors of c(l).
2, 7
Let v(x) = 7*x - 15*x + 15 + 9*x. Let z be 1 + -1*9 - -1. List the prime factors of v(z).
2
Suppose 4*l = -1 - 11, -5*u = -l - 28. Suppose -h + 34 = -4*g, -10 - 10 = u*g. What are the prime factors of h?
2, 3
Let q(m) = -m**3 - 6*m**2 + 3. Let z be q(-6). Suppose -r + 13 = -5*t + 3*t, 35 = -5*t + z*r. What are the prime factors of 1/2 - 22/t?
2, 3
Let x(u) = -33*u - 9. What are the prime factors of x(-3)?
2, 3, 5
Let g(f) = 20*f - 21. List the prime factors of g(7).
7, 17
Let m be (32/(-20))/(1/(-10)). List the prime factors of ((-8)/m)/(1/(-12)).
2, 3
Let q = -61 - -118. Suppose -q = -5*i + 58. What are the prime factors of i?
23
Let x(f) = -f**2 - 4*f - 1. Let w be x(-2). Let d(b) = -b - 1. Let t be d(-5). Suppose y - t*z = 8 + 14, 2*y - 24 = w*z. List the prime factors of y.
2, 3
Let g = -1 - -5. Suppose -8 = -2*w + g. What are the prime factors of w?
2, 3
Let x = 15 - 9. Let t = x + -13. What are the prime factors of (-1 + 3)/((-2)/t)?
7
Let l = -12 - -14. Suppose l*g - 204 = -4*g. What are the prime factors of g?
2, 17
Let m(h) = h**2 + 14*h + 19. List the prime factors of m(-13).
2, 3
Suppose 30 = 5*c + 3*g, g + 30 = 5*c + 2*g. What are the prime factors of c/3 + -1 + 5?
2, 3
Let t be ((-65)/78)/((-1)/6). Suppose 0 = 3*u + 5*f - 43 - 12, 137 = t*u - 3*f. What are the prime factors of u?
5
Let s = 19 - 11. Suppose -s = -4*v - y, 2 = 3*v - 2*y - 4. List the prime factors of v.
2
Suppose -4*f = 5 + 67. Let q = -13 - f. What are the prime factors of q*2*8/10?
2
Suppose 2*v = 9 + 33. List the prime factors of v.
3, 7
Suppose 3*n = -3*t + 4*t - 187, -4*t - 3*n = -808. List the prime factors of t.
199
Suppose -2*p - 9 = -5*p. Suppose 2*k - p = k. What are the prime factors of k?
3
Let y be 56/6*(-117)/(-52). Let g = y + -9. List the prime factors of g.
2, 3
Suppose 17*q = 20*q - 228. What are the prime factors of q?
2, 19
Let o = 40 - 33. What are the prime factors of o?
7
Let k(i) = -2*i + 3. Let b be k(3). List the prime factors of 3/(b/96*-6).
2
Let f be 1 - (1 + (-4)/(-1)). Let k(v) = -v**2 - 4*v. Let x be k(-3). List the prime factors of (6/f)/(x/(-18)).
3
Suppose 3*i = 5*y + 50, -2*y = -4*i - 6*y + 24. Let v be -8 - -1 - 8/(-4). Let d = i + v. What are the prime factors of d?
5
Let s(f) = -f**2 - 8*f - 1. Suppose -3 = 4*k + 25. What are the prime factors of s(k)?
2, 3
Let f be 0 - -35 - (-3 + 3). Let a = -22 + f. List the prime factors of a.
13
Let w(d) be the first derivative of -d**3/3 - 3*d**2 + 4*d - 1. Let k be (-2)/(-3 + 1)*-5. List the prime factors of w(k).
3
Let p be (-36)/(-63)*(-7)/(-2). Suppose -p*m = -0*m - 2. What are the prime factors of (-1)/(-2)*(m + 5)?
3
Let l(r) = -r**3 + 50. Let z be l(0). Suppose z = -i + 19. Let w = i + 43. List the prime factors of w.
2, 3
Let h = 17 + -10. Suppose 29 = h*l - 6*l. What are the prime factors of l?
29
Suppose -3*t - 5*i = -23 - 375, -5*t = -i - 682. List the prime factors of t.
2, 17
Let q = 210 + -116. What are the prime factors of q?
2, 47
Let h(p) = p**3 - p**2 - 4*p + 2. Suppose v = 5*u + 23, v = -v + 4*u + 22. List the prime factors of h(v).
2
Suppose -33 = 2*f - 87. List the prime factors of f.
3
Let g(n) = -n + 9. Let u(z) = -z**2 - 9*z - 7. Let d be u(-7). Let f be g(d). What are the prime factors of (0 + 2 + 0)*f?
2
Let k(u) = u**2 - 2*u - 7. Let x be k(6). Let p = 10 - x. List the prime factors of (-2)/(-7) - 89/p.
13
Let h = -15 - -16. Let k(m) = 24*m + 1. What are the prime factors of k(h)?
5
Suppose -s + 51 = -2*k - k, 0 = s + 2*k - 71. What are the prime factors of s?
3, 7
Suppose f = 2*h - 75, h - 175 = -4*h + 5*f. What are the prime 